. What are the prime factors of u(2)?
11
Suppose 5*u + 0*u - 10 = 0. Let x be (3/u)/(2/4). Suppose 0*r = r - x. What are the prime factors of r?
3
Suppose 0*g - g = -38. What are the prime factors of g?
2, 19
Let t = 408 - 279. What are the prime factors of t?
3, 43
List the prime factors of 38/(-209) - (-2424)/22.
2, 5, 11
Let q be -2 - 38/2*1. Suppose 2*d = -2*d + i - 127, 4*d + 139 = 5*i. Let v = q - d. What are the prime factors of v?
2, 5
Let g = 2 + 0. Suppose -2 = -g*l + 14. What are the prime factors of l?
2
Suppose -2*q = -q - 3, -4*q = x - 8. Let n(k) = -k**3 - 5*k**2 - 5*k + 3. List the prime factors of n(x).
7
Let b = 15 - 10. Suppose 0 = b*g + 5*u - 140, u = -4*g + 2*g + 51. What are the prime factors of g?
23
Let b(m) = m**3 - 5*m**2 - 4. Let z be b(5). Let h(a) = -4*a - 4. What are the prime factors of h(z)?
2, 3
Let w = -32 + 108. What are the prime factors of w?
2, 19
Suppose 11 = o - 14. Let z be (-495)/o - 2/10. Let b = -11 - z. What are the prime factors of b?
3
Let p = 12 - -15. Let j = 41 - p. Suppose -3*z + 2*z = -j. List the prime factors of z.
2, 7
Suppose -108 = -0*k - 4*k. What are the prime factors of k?
3
Suppose 5*f = 108 + 82. List the prime factors of f.
2, 19
What are the prime factors of -3 + 11 + -8 + (-242)/(-2)?
11
What are the prime factors of (38/4)/(7/196)?
2, 7, 19
Let o(d) = -d**3 + 6*d**2 - 4*d + 6. Let p be ((2 - 2)/2)/1. Suppose 0 = -5*f - z + 25, -5*f - 4*z + 40 = -p*z. What are the prime factors of o(f)?
2, 11
Suppose 0 = 4*h - 2*h - 38. List the prime factors of h.
19
Suppose -5*u + k = -35, -4*k - 45 = -5*u - k. What are the prime factors of u?
2, 3
Let g(x) = x**3 - 4*x**2 + 3*x. Let s be g(2). Let m be ((-20)/(-7) + s)*-7. Let o(v) = -3*v - 9. What are the prime factors of o(m)?
3
Suppose x = -x + 6. Suppose 4*l - 3*t - 1 = 20, -4*l - x*t = -3. Suppose j + i - 28 = -j, 5*j + l*i = 69. List the prime factors of j.
3, 5
Let p(a) = a**2 - 12*a - 13. List the prime factors of p(15).
2
What are the prime factors of ((-768)/(-5))/1 - 10/(-25)?
2, 7, 11
Let y(r) = r**2 + 2*r + 2. Let s be y(-7). Suppose -3*h = -2*n - s, 3*n + 3 = -3. What are the prime factors of h?
11
Suppose -134 = -5*q - 3*c, 0 = 4*q - 2*c + 5*c - 109. Suppose 5*y = -2*w + 40, -6*y + w + q = -y. What are the prime factors of y?
2, 3
Suppose -52*n + 50*n = -84. List the prime factors of n.
2, 3, 7
List the prime factors of (-32)/(-10) + 2/(-10).
3
Let k = -16 - -20. What are the prime factors of k?
2
Let g(n) = n**2 - 3*n - 1. Suppose -4 = 2*x - 0*x. List the prime factors of g(x).
3
Let p = 50 + -22. Suppose -2*u + p + 42 = 0. Suppose 9*w = 4*w + u. What are the prime factors of w?
7
Suppose -f + 12 = -4*f. List the prime factors of (-1 + 11)*(-10)/f.
5
Suppose -y = 0, -y + 41 = 5*x - 9. Suppose -x*v = -6*v - 92. List the prime factors of v.
23
Let z(x) = -x + 2. Let d be z(-3). Suppose 0 = 4*a - 5*l - 60, d*a + l - 59 = -13. What are the prime factors of a?
2, 5
Let m(q) = -8*q - 10. Let p(n) = -15*n - 19. Let x(i) = 11*m(i) - 6*p(i). List the prime factors of x(5).
2, 7
Suppose 6*t + 200 = 11*t. What are the prime factors of t?
2, 5
What are the prime factors of 26/(8/(-12) - -1)?
2, 3, 13
Let d = 18 + -32. Let q = 28 + d. What are the prime factors of q?
2, 7
Suppose -5*u + 24 = 9. List the prime factors of u.
3
Let h(a) = -a**3 + 13*a**2 - 4*a - 7. What are the prime factors of h(12)?
89
Let n(j) = -j**2 - 6*j - 6. Let r be n(-6). Let l(g) = -g**2 - 7*g + 6. Let t be l(r). Let p = t - -5. What are the prime factors of p?
17
List the prime factors of 36/2 - (3 - 0).
3, 5
Let u be 506/4 + 2/4. Let a(m) = m**2 + 9*m + 4. Let b be a(-9). Suppose 0 = 3*z - 12, -b*k = -2*z + 47 - u. What are the prime factors of k?
2, 11
Let h be (12/(-4))/((-6)/4). Suppose h*x - 42 = -x. What are the prime factors of x?
2, 7
Suppose 0 = 4*t - 3*y - 2, t + 3*y = 4*y. Let i be (0 - 6)/(-1*t). Let q = 6 + i. List the prime factors of q.
3
Let b(m) be the second derivative of 3/2*m**2 - 3*m + 1/2*m**3 + 0 + 1/20*m**5 + 1/3*m**4. List the prime factors of b(-3).
3
Let d be (-1 - -2)/((-1)/(-2)). Suppose d*w - 43 = -9. What are the prime factors of w?
17
Let l = -6 + 9. Suppose 39 = 3*d - 3*h, -l*d + 4*h = -0*d - 40. What are the prime factors of d?
2, 3
What are the prime factors of ((-8)/2)/((-28)/1848)?
2, 3, 11
Let s(n) = -3*n - 2. Let q be s(-4). Suppose 5*i - q = 3*i. List the prime factors of i.
5
Suppose 20*b - 10*b - 1090 = 0. What are the prime factors of b?
109
Let q = 0 + 4. Let f be (-100)/(-16) - 1/q. Let i = -2 + f. What are the prime factors of i?
2
Suppose 0 = 3*t - 7*t - c + 1, 4 = 4*c. Let u(y) = -y**2 + 2*y + 23. List the prime factors of u(t).
23
Suppose 3*p = 4*p + 3*o - 37, -4 = -o. List the prime factors of p.
5
Let v = 15 - -106. List the prime factors of v.
11
Suppose -v + 5*i + 39 = 0, 5*v - i - 25 - 98 = 0. List the prime factors of v.
2, 3
Suppose -q - 20 = -2*h, 5*h + 6*q - 3*q = 72. Suppose 0*u + 2*u - 39 = -3*a, h = 4*a. List the prime factors of u.
3, 5
Suppose 18 + 18 = 4*x. List the prime factors of x - 1 - (-1 - 2).
11
Let q(o) = -o**2 + 31*o - 19. List the prime factors of q(24).
149
Let i(b) = -b + 1. Let h(z) = z. Let v(m) = 4*h(m) + i(m). What are the prime factors of v(6)?
19
List the prime factors of (-67)/(-1) + 1*2.
3, 23
Let c(v) = -7*v - 5. Let a be c(-5). Let w be 2*1 - (-1 + 1). Suppose 4 = -w*k + a. What are the prime factors of k?
13
Let i = -16 - -54. Let z = -27 + i. Suppose h + 1 = z. List the prime factors of h.
2, 5
Suppose 2*l = 4*u - 10, 25 - 9 = 5*u + l. What are the prime factors of u?
3
Let b(u) = 2*u**2 + 9*u - 7. List the prime factors of b(-9).
2, 37
Suppose -4*x + 0*z - 4*z = -956, z - 479 = -2*x. List the prime factors of x.
2, 3, 5
Let i(h) = h**3 - 7*h**2 + 7*h - 2. Let u be i(6). Let j = 21 + -10. Suppose 6*o - 2*o = 5*b + j, -u*b + 20 = 0. What are the prime factors of o?
3
Let o(v) = 3*v - 8. Let b(j) = 5*j - 15 - 4*j + 5*j + 0*j. Let z(f) = 5*b(f) - 9*o(f). List the prime factors of z(4).
3
Let a(t) = t. Let z be a(4). Suppose -f + z = -44. Suppose 0 = -5*g + i + f, -i + 4 = -4*g + 42. What are the prime factors of g?
2, 5
Let t be (-7 + -1)/(8 - 9). Suppose 2*a = -10, -t*a + 4*a + 2 = 2*j. What are the prime factors of j?
11
Let v = -9 + 14. Let a(n) = -n**2 + 5*n - 3. Let y be a(v). Let s(t) = t**3 + 5*t**2 + 4*t - 1. List the prime factors of s(y).
5
Let p(c) be the third derivative of -c**6/120 + c**5/20 - c**3/6 - 4*c**2. What are the prime factors of p(2)?
3
Let r(d) = -d**3 + 4*d**2 + 2. Let s be r(4). Suppose -m = s*m - 21. List the prime factors of m.
7
Let r(l) = -l**2 - 4*l + 2. Let d be r(-4). Suppose -5*v + 27 = -d*v. What are the prime factors of v?
3
Let o be (-2)/7 - 94/14. Let h = o - -13. What are the prime factors of h?
2, 3
Suppose 5*q - 2*p - 11 = 0, -10 = -3*q + p - 3. Suppose 122 = q*i - 4*g - 68, 0 = i - 4*g - 74. List the prime factors of i.
2, 29
Let w be 4/2 - (2 + -2). Suppose w*y + 5 = 21. What are the prime factors of y?
2
Let p(z) = 0 + 9*z**3 - 4*z**3 - 1 + 3*z - 3*z**2. Let v be p(2). Suppose -38 = -5*m - 2*s, 0 = 4*m + 2*s - 3*s - v. List the prime factors of m.
2
Suppose -a + 2*j + 147 = 0, -j = 5*a - 2*j - 690. What are the prime factors of a?
137
Let w = -3 + -3. Let o(q) = q**2 + 3*q - 3. What are the prime factors of o(w)?
3, 5
Let i(k) = 12*k + 3. Let x(t) = 13*t + 4. Let r(q) = 5*i(q) - 4*x(q). List the prime factors of r(1).
7
Let s(i) = -i**3 - 6*i**2 + 4*i - 15. What are the prime factors of s(-7)?
2, 3
Let i(j) = 1. Let w(q) = 2*q - 6. Let o(t) = -5*i(t) - w(t). Let x be o(-1). Suppose -f = -x - 7. What are the prime factors of f?
2, 5
Let r(o) = 2*o**2 - o. Let f be r(-2). Let c be 0/(2/((-2)/2)). Let a = f - c. What are the prime factors of a?
2, 5
Let a = -9 - -48. What are the prime factors of a?
3, 13
Suppose 5*a + 15 - 110 = 0. List the prime factors of a.
19
Let h(a) = -a**3 - 4*a**2 + 2*a - 2. Let f be h(-4). What are the prime factors of (-96)/f - (-6)/15?
2, 5
Let g = 5 - 2. Suppose 6 = g*u - 2*p - 2*p, 0 = 2*u + 4*p - 4. Let z = u + 11. List the prime factors of z.
13
Let t(i) = -i**3 + 9*i**2 - 8*i + 1. Let z be t(8). Suppose -4*x + 11 = -z. What are the prime factors of x?
3
Suppose -18 = -5*t + 2. Let w = t + -1. List the